mmon factor of 324 and p.
36
Let t be -1 + 4 + 157 - 1. What is the highest common divisor of t and 106?
53
Let s(z) = -7*z + 30. Let c be s(4). Suppose 2*x + 768 = 2*f, f + 3*x + c*x = 390. What is the greatest common factor of f and 35?
35
Let l be 376 + 1 - (-108 + 117). Calculate the highest common divisor of l and 32.
16
Suppose -n = -3*r + 265, -5*r - 13*n + 16*n + 443 = 0. Let b(j) = j**2 - 2*j. Let d be b(4). What is the greatest common divisor of r and d?
8
Let m(s) = 2*s + 37. Let x be m(-12). Suppose a = -4*c - 224, c + c = -4*a - 840. Let u = a + 325. Calculate the greatest common factor of x and u.
13
Let j(c) = 4*c + 3. Suppose 11 = -3*k - 5*l, 0 = l + 1. Let q be j(k). Let d = 49 + q. Calculate the greatest common divisor of d and 22.
22
Let k be 189 - (16/120 + 154/(-30)). What is the highest common factor of k and 873?
97
Suppose -7*u + 221 + 269 = 0. Calculate the greatest common divisor of 70 and u.
70
Suppose -11 = -2*i - 1. Suppose 2 - 32 = -i*w. What is the greatest common divisor of w and 4?
2
Suppose 0 = -6*k + 2*k + 48. Suppose 0 = -3*d + k, -4*c = -c + d - 16. What is the highest common divisor of 4 and c?
4
Let l be (3/(-6) - 0)*-4. Suppose 3*a - 7*a - 3*b = -51, l*b - 37 = -3*a. Suppose 0 = -2*o - 2 + 8. What is the greatest common divisor of a and o?
3
Suppose -5*x = -x - 12. Suppose -3*h - n + 37 = -10, -3*h - x*n + 39 = 0. Suppose -o - 2*o = -408. Calculate the greatest common factor of h and o.
17
Let w = 2791 + -1520. Calculate the highest common divisor of 31 and w.
31
Suppose -20*h + 16*h - 35 = -5*s, -10 = 2*h. Let n = 10 + -6. Let u be 1/4 + 23/n. What is the highest common divisor of s and u?
3
Let y(o) = 7*o + 4. Let k be y(-7). Let x = k - -63. Suppose -n = 4*n - 30. Calculate the greatest common divisor of x and n.
6
Let w(r) = r - 11. Let u be w(5). Let c(k) = 2*k**2 + 8*k + 6. Let t be c(u). What is the greatest common factor of 12 and t?
6
Suppose 66 = 31*o - 58. What is the greatest common factor of o and 212?
4
Let d = -151 - -158. Suppose j = d*j - 36. What is the greatest common factor of 21 and j?
3
Let t be 8*2 + (6/2 - 3). Let w = 18 - t. Calculate the highest common divisor of 14 and w.
2
Let o be (-108)/(-6)*((-9)/(-6) + 0). What is the highest common factor of 117 and o?
9
Let h be 144234/1458 + 2/27. What is the highest common factor of 9 and h?
9
Let p be 8/28 + 32/(-14). Let h be 263 + (1 - (-2 - p)). Let a = -181 + 205. Calculate the highest common divisor of h and a.
24
Suppose -2*i = i. Let h be (-18)/(-9) - (i + 1). Let r be (2*(-5)/25)/((-4)/10). What is the greatest common divisor of h and r?
1
Let f be ((-238)/(-5))/(6/5 - 1). What is the highest common divisor of f and 102?
34
Suppose -4*u = -91 + 27. What is the highest common divisor of 76 and u?
4
Let t = 1094 - 193. What is the greatest common divisor of 17 and t?
17
Suppose -26*y + 3715 + 445 = 0. What is the greatest common factor of 30 and y?
10
Let b be (23/(-2))/((-8)/16). Let d = -14 + b. Calculate the highest common factor of d and 1.
1
Suppose -160 = 9*f - f. Let k = 25 - f. What is the greatest common factor of 10 and k?
5
Suppose 7*f = 3*f + 24. Suppose -3*b + f*b = 24. What is the highest common divisor of b and 24?
8
Suppose 7*i - 4*i = -72. Let t = 41 + i. Calculate the greatest common factor of t and 68.
17
Suppose 119 = -3*u - 64. Let t = 119 + u. Calculate the highest common divisor of t and 29.
29
Suppose -5*b = -2*n + 4*n - 23, 0 = 5*n + 4*b - 32. Suppose 12 = 2*i + n, -3*k = -3*i - 468. Calculate the greatest common factor of k and 16.
16
Suppose 0 = 23*v - 20*v - 2*j - 343, -3*j = v - 96. What is the greatest common divisor of v and 407?
37
Suppose 27*d = 23*d + p + 1175, 0 = 5*d - p - 1469. What is the highest common factor of d and 6?
6
Let r(d) = -d**3 - 4*d**2 - 8*d + 17. Let y be r(-7). Suppose -2*n + n = 3*j - 315, -2*j = 4*n - y. Calculate the greatest common factor of j and 13.
13
Suppose -619 = -17*q + 469. Calculate the greatest common factor of 512 and q.
64
Let g(a) = a**3 + 18*a**2 - 3*a + 12. Let u be g(-17). What is the greatest common factor of 77 and u?
11
Let k be 5432/77 + (-24)/44. What is the greatest common divisor of 294 and k?
14
Suppose 116 = -12*x + 8*x. Let v be (-10 + 9)*1*x. Calculate the highest common divisor of 58 and v.
29
Let z be 8/(-4) - (-3 + 2). Let n be -2 - 195/(z - 2). What is the greatest common divisor of n and 7?
7
Let d be (-1)/6 + -7 + 12051/54. Calculate the highest common factor of d and 72.
72
Let o be (126/(-9))/(-7) + (-8765)/(-5). Calculate the greatest common factor of o and 135.
135
Let o be 2/(-3) + (-20)/(-30). Suppose -3*f + 30 = -o*f. Let h(k) = -7*k - 9. Let u be h(-7). Calculate the greatest common factor of u and f.
10
Let v = 648 - 621. Suppose 5*z = 2*a - 103, 2*a - 3*z + 20 = 125. Calculate the highest common divisor of v and a.
27
Let b = 27 + -16. Let u = -7 + b. Suppose -t = -4*t + u*x + 60, 132 = 5*t + 4*x. Calculate the greatest common factor of t and 8.
8
Let c = -251 - -261. What is the highest common divisor of c and 160?
10
Let b be (-99171)/(-675) + (-4)/(-50). Suppose -3*i + 24 = 4*z - 23, z - 80 = -4*i. Calculate the highest common factor of i and b.
21
Let j be 1 + (1 - -23) + 28 + -23. Let g be 6/((-1)/10*-3). Calculate the greatest common factor of j and g.
10
Let y be -162*(-7 + (-55)/10 + 6). Calculate the highest common factor of 117 and y.
117
Let r(c) = c - 1. Let s be r(2). Let i be (s + (-19)/2)*-4. Let h(q) = 46*q - 1283. Let w be h(29). Calculate the highest common divisor of w and i.
17
Let o = 148 + 112. Calculate the greatest common divisor of o and 13.
13
Suppose 71*a - 67*a = 32. Calculate the highest common divisor of a and 376.
8
Suppose -4*n - 8 = -4*u - 0, -4*n - 5*u + 28 = 0. Let i = 44 + -39. Suppose -i*v + 22 = -4*v. What is the greatest common divisor of n and v?
2
Let n = 1090 + -751. Calculate the highest common factor of n and 1808.
113
Let z be (-6)/(-4)*8/6. Suppose z*y - 72 = -2*y. Suppose 3*o + 4*l - y = 0, -4*o + 9*o = l + 53. What is the greatest common factor of 15 and o?
5
Let y be (78/(-18))/(-3*1/54). Calculate the highest common factor of 26 and y.
26
Suppose -s + 182 = 8*w - 11*w, w = -s + 174. What is the greatest common divisor of 308 and s?
44
Suppose 0 = -14*l + 10*l + 5*c + 55, -2*c = -10. Let k = 56 - -164. Calculate the highest common divisor of l and k.
20
Suppose -4*p = 4*g - 40, -6*p + 5*g = -5*p - 34. Calculate the greatest common divisor of 161 and p.
7
Let p(y) = -y**3 + 21*y**2 + 7*y + 6. Let v be p(21). What is the greatest common factor of v and 18?
9
Let a = -1436 + 1478. Calculate the greatest common divisor of 56 and a.
14
Suppose 0 = -2*p + 260 + 508. What is the highest common divisor of 48 and p?
48
Let k(f) = 6*f**2 - 26*f - 144. Let d be k(-4). What is the greatest common divisor of d and 16?
8
Let f(q) = 2*q**2 + 72*q - 1064. Let b be f(13). Let k be ((-10)/(-8))/((-1)/(-28)). Calculate the highest common divisor of b and k.
35
Let s be -5 + 2 + (4 + -5)*-102. Let n be 1672/s + 1/9. Calculate the highest common factor of 17 and n.
17
Let a be (-1 - 0)*(-172 + -26). What is the greatest common divisor of a and 18?
18
Let n = 57 + -41. Let f(o) = -369*o**3 + o**2 - 1. Let i be f(-1). Let d be (1 + i/15)*5. Calculate the greatest common divisor of d and n.
16
Let r = 371 + 528. What is the highest common factor of r and 29?
29
Suppose 20 = -4*t, 2*j = 5*j + 5*t - 206. What is the greatest common factor of j and 7?
7
Let k = 80 - 3. Suppose -4*l - u + 2*u + 55 = 0, -3*u + 56 = 5*l. Suppose l*r = 8*r + 55. Calculate the highest common factor of r and k.
11
Let l be (-17)/(-170) + 159/10. What is the highest common factor of 12 and l?
4
Let t be 158/6 + 2/(-6). Suppose -1967 = -45*k - 212. Calculate the highest common factor of k and t.
13
Suppose 4*m - 4*n + 3 = 11, -4 = m + n. Let w be (-3 - 11/m)*126. Suppose 0*c = 6*c - w. Calculate the greatest common factor of c and 24.
24
Let s be (-7 + 5)/(-2)*(-14)/(-1). Calculate the greatest common divisor of 98 and s.
14
Suppose 2*q - 6 - 2 = 2*b, -4*b = -2*q + 12. Suppose q*x + 45 + 27 = 0. Let n be x/(-30)*(-150)/(-9). Calculate the greatest common factor of n and 30.
10
Suppose -24*l + 884 + 244 = 0. Suppose -4*i + 0*i =